{"id":7604,"date":"2024-10-05T15:48:38","date_gmt":"2024-10-05T14:48:38","guid":{"rendered":"https:\/\/triatlonsanse.com\/triatlonsanse\/?page_id=7604"},"modified":"2024-10-05T16:46:43","modified_gmt":"2024-10-05T15:46:43","slug":"mudanzas-isaac-cordoba","status":"publish","type":"page","link":"https:\/\/triatlonsanse.com\/triatlonsanse\/inicio\/patrocinadores\/mudanzas-isaac-cordoba\/","title":{"rendered":"Mudanzas Isaac C\u00f3rdoba"},"content":{"rendered":"\t\t<div data-elementor-type=\"wp-page\" data-elementor-id=\"7604\" class=\"elementor elementor-7604\" data-elementor-post-type=\"page\">\n\t\t\t\t\t\t<section class=\"elementor-section elementor-top-section elementor-element elementor-element-6a39e3a elementor-section-boxed elementor-section-height-default elementor-section-height-default\" data-id=\"6a39e3a\" data-element_type=\"section\" data-settings=\"{&quot;background_background&quot;:&quot;classic&quot;}\">\n\t\t\t\t\t\t\t<div class=\"elementor-background-overlay\"><\/div>\n\t\t\t\t\t\t\t<div class=\"elementor-container elementor-column-gap-no\">\n\t\t\t\t\t<div class=\"elementor-column elementor-col-100 elementor-top-column elementor-element elementor-element-d52668c\" data-id=\"d52668c\" data-element_type=\"column\">\n\t\t\t<div class=\"elementor-widget-wrap elementor-element-populated\">\n\t\t\t\t\t\t<div class=\"elementor-element elementor-element-2981232 elementor-widget elementor-widget-jkit_heading\" data-id=\"2981232\" data-element_type=\"widget\" data-widget_type=\"jkit_heading.default\">\n\t\t\t\t<div class=\"elementor-widget-container\">\n\t\t\t\t\t<div  class=\"jeg-elementor-kit jkit-heading  align-center align-tablet-center align-mobile-center jeg_module___69f32e059b1a6\" ><div class=\"heading-section-title  display-inline-block\"><h2 class=\"heading-title\">Mudanzas Isaac C\u00f3rdoba<\/h2><\/div><div class=\"heading-section-separator\"><div class=\"separator-wrapper style-solid\"><\/div><\/div><\/div>\t\t\t\t<\/div>\n\t\t\t\t<\/div>\n\t\t\t\t\t<\/div>\n\t\t<\/div>\n\t\t\t\t\t<\/div>\n\t\t<\/section>\n\t\t\t\t<section class=\"elementor-section elementor-top-section elementor-element elementor-element-ff6b01b elementor-section-boxed elementor-section-height-default elementor-section-height-default\" data-id=\"ff6b01b\" data-element_type=\"section\">\n\t\t\t\t\t\t<div class=\"elementor-container elementor-column-gap-default\">\n\t\t\t\t\t<div class=\"elementor-column elementor-col-100 elementor-top-column elementor-element elementor-element-2e2673b\" data-id=\"2e2673b\" data-element_type=\"column\">\n\t\t\t<div class=\"elementor-widget-wrap elementor-element-populated\">\n\t\t\t\t\t\t<div class=\"elementor-element elementor-element-181a479 elementor-widget elementor-widget-spacer\" data-id=\"181a479\" data-element_type=\"widget\" data-widget_type=\"spacer.default\">\n\t\t\t\t<div class=\"elementor-widget-container\">\n\t\t\t\t\t\t\t<div class=\"elementor-spacer\">\n\t\t\t<div class=\"elementor-spacer-inner\"><\/div>\n\t\t<\/div>\n\t\t\t\t\t\t<\/div>\n\t\t\t\t<\/div>\n\t\t\t\t\t<\/div>\n\t\t<\/div>\n\t\t\t\t\t<\/div>\n\t\t<\/section>\n\t\t\t\t<section class=\"elementor-section elementor-top-section elementor-element elementor-element-7292f8c elementor-section-boxed elementor-section-height-default elementor-section-height-default\" data-id=\"7292f8c\" data-element_type=\"section\">\n\t\t\t\t\t\t<div class=\"elementor-container elementor-column-gap-default\">\n\t\t\t\t\t<div class=\"elementor-column elementor-col-50 elementor-top-column elementor-element elementor-element-47def3f\" data-id=\"47def3f\" data-element_type=\"column\">\n\t\t\t<div class=\"elementor-widget-wrap elementor-element-populated\">\n\t\t\t\t\t\t<div class=\"elementor-element elementor-element-e305f9a elementor-widget elementor-widget-image\" data-id=\"e305f9a\" data-element_type=\"widget\" data-widget_type=\"image.default\">\n\t\t\t\t<div class=\"elementor-widget-container\">\n\t\t\t\t\t\t\t\t\t\t\t\t\t\t\t<img fetchpriority=\"high\" decoding=\"async\" width=\"267\" height=\"200\" src=\"https:\/\/triatlonsanse.com\/triatlonsanse\/wp-content\/uploads\/Logo-Mudanzas_Isaac_Cordoba.jpg\" class=\"attachment-large size-large wp-image-7616\" alt=\"\" \/>\t\t\t\t\t\t\t\t\t\t\t\t\t\t\t<\/div>\n\t\t\t\t<\/div>\n\t\t\t\t\t<\/div>\n\t\t<\/div>\n\t\t\t\t<div class=\"elementor-column elementor-col-50 elementor-top-column elementor-element elementor-element-e9cc309\" data-id=\"e9cc309\" data-element_type=\"column\">\n\t\t\t<div class=\"elementor-widget-wrap elementor-element-populated\">\n\t\t\t\t\t\t<div class=\"elementor-element elementor-element-6c1450c elementor-widget elementor-widget-text-editor\" data-id=\"6c1450c\" data-element_type=\"widget\" data-widget_type=\"text-editor.default\">\n\t\t\t\t<div class=\"elementor-widget-container\">\n\t\t\t\t\t\t\t\t\t<p><b>P\u00e1gina WEB: <\/b><a href=\"https:\/\/www.mudanzasisaaccordoba.es\" target=\"_blank\" rel=\"noopener\">https:\/\/www.mudanzasisaaccordoba.es<\/a><\/p><p><b>Twitter:\u00a0<\/b><a href=\"https:\/\/twitter.com\/mudanzasic\" target=\"_blank\" rel=\"noopener\">https:\/\/twitter.com\/mudanzasic<\/a><\/p><p><b>Facebook: <\/b><a href=\"https:\/\/www.facebook.com\/mudanzasisaaccordoba\" target=\"_blank\" rel=\"noopener\">https:\/\/www.facebook.com\/mudanzasisaaccordoba<\/a><\/p><p><b>Instagram:\u00a0<\/b><a href=\"https:\/\/www.instagram.com\/mudanzasisaaccordoba\" target=\"_blank\" rel=\"noopener\">https:\/\/www.instagram.com\/mudanzasisaaccordoba<\/a><\/p><p><b>Tel\u00e9fono: <\/b>914155939<\/p><p><b>Localizaci\u00f3n:<\/b><span class=\"w8qArf\"> Avenida Valdelasfuentes 44. 28701 San Sebasti\u00e1n de los Reyes.<\/span><\/p>\t\t\t\t\t\t\t\t<\/div>\n\t\t\t\t<\/div>\n\t\t\t\t\t<\/div>\n\t\t<\/div>\n\t\t\t\t\t<\/div>\n\t\t<\/section>\n\t\t\t\t<section class=\"elementor-section elementor-top-section elementor-element elementor-element-cf491ec elementor-section-boxed elementor-section-height-default elementor-section-height-default\" data-id=\"cf491ec\" data-element_type=\"section\">\n\t\t\t\t\t\t<div class=\"elementor-container elementor-column-gap-default\">\n\t\t\t\t\t<div class=\"elementor-column elementor-col-100 elementor-top-column elementor-element elementor-element-deeb542\" data-id=\"deeb542\" data-element_type=\"column\">\n\t\t\t<div class=\"elementor-widget-wrap elementor-element-populated\">\n\t\t\t\t\t\t<div class=\"elementor-element elementor-element-624782e elementor-widget elementor-widget-spacer\" data-id=\"624782e\" data-element_type=\"widget\" data-widget_type=\"spacer.default\">\n\t\t\t\t<div class=\"elementor-widget-container\">\n\t\t\t\t\t\t\t<div class=\"elementor-spacer\">\n\t\t\t<div class=\"elementor-spacer-inner\"><\/div>\n\t\t<\/div>\n\t\t\t\t\t\t<\/div>\n\t\t\t\t<\/div>\n\t\t\t\t\t<\/div>\n\t\t<\/div>\n\t\t\t\t\t<\/div>\n\t\t<\/section>\n\t\t\t\t<section class=\"elementor-section elementor-top-section elementor-element elementor-element-481877e elementor-section-boxed elementor-section-height-default elementor-section-height-default\" data-id=\"481877e\" data-element_type=\"section\">\n\t\t\t\t\t\t<div class=\"elementor-container elementor-column-gap-default\">\n\t\t\t\t\t<div class=\"elementor-column elementor-col-50 elementor-top-column elementor-element elementor-element-c4d552b\" data-id=\"c4d552b\" data-element_type=\"column\">\n\t\t\t<div class=\"elementor-widget-wrap elementor-element-populated\">\n\t\t\t\t\t\t<div class=\"elementor-element elementor-element-ca69988 elementor-widget elementor-widget-heading\" data-id=\"ca69988\" data-element_type=\"widget\" data-widget_type=\"heading.default\">\n\t\t\t\t<div class=\"elementor-widget-container\">\n\t\t\t\t\t<h2 class=\"elementor-heading-title elementor-size-default\">Descripci\u00f3n<\/h2>\t\t\t\t<\/div>\n\t\t\t\t<\/div>\n\t\t\t\t<div class=\"elementor-element elementor-element-18318e2 elementor-widget elementor-widget-text-editor\" data-id=\"18318e2\" data-element_type=\"widget\" data-widget_type=\"text-editor.default\">\n\t\t\t\t<div class=\"elementor-widget-container\">\n\t\t\t\t\t\t\t\t\t<p>Como empresa de mudanzas en Madrid nos hemos especializado en el traslado de muebles y enseres de domicilios particulares, sin desatender en ning\u00fan momento a nuestra clientela profesional con el transporte de enseres de oficina o movimientos internos de mobiliario de grandes empresas. Tambi\u00e9n disponemos de servicio de guardamuebles y de gesti\u00f3n de archivos.<\/p>\t\t\t\t\t\t\t\t<\/div>\n\t\t\t\t<\/div>\n\t\t\t\t\t<\/div>\n\t\t<\/div>\n\t\t\t\t<div class=\"elementor-column elementor-col-50 elementor-top-column elementor-element elementor-element-c260142\" data-id=\"c260142\" data-element_type=\"column\">\n\t\t\t<div class=\"elementor-widget-wrap elementor-element-populated\">\n\t\t\t\t\t\t<div class=\"elementor-element elementor-element-d885180 elementor-widget elementor-widget-google_maps\" data-id=\"d885180\" data-element_type=\"widget\" data-widget_type=\"google_maps.default\">\n\t\t\t\t<div class=\"elementor-widget-container\">\n\t\t\t\t\t\t\t<div class=\"elementor-custom-embed\">\n\t\t\t<iframe loading=\"lazy\"\n\t\t\t\t\tsrc=\"https:\/\/maps.google.com\/maps?q=mudanzas%20isaac%20cordoba&#038;t=m&#038;z=15&#038;output=embed&#038;iwloc=near\"\n\t\t\t\t\ttitle=\"mudanzas isaac cordoba\"\n\t\t\t\t\taria-label=\"mudanzas isaac cordoba\"\n\t\t\t><\/iframe>\n\t\t<\/div>\n\t\t\t\t\t\t<\/div>\n\t\t\t\t<\/div>\n\t\t\t\t\t<\/div>\n\t\t<\/div>\n\t\t\t\t\t<\/div>\n\t\t<\/section>\n\t\t\t\t<section class=\"elementor-section elementor-top-section elementor-element elementor-element-412673f elementor-section-boxed elementor-section-height-default elementor-section-height-default\" data-id=\"412673f\" data-element_type=\"section\">\n\t\t\t\t\t\t<div class=\"elementor-container elementor-column-gap-default\">\n\t\t\t\t\t<div class=\"elementor-column elementor-col-100 elementor-top-column elementor-element elementor-element-80290b6\" data-id=\"80290b6\" data-element_type=\"column\">\n\t\t\t<div class=\"elementor-widget-wrap elementor-element-populated\">\n\t\t\t\t\t\t<div class=\"elementor-element elementor-element-641a054 elementor-widget elementor-widget-spacer\" data-id=\"641a054\" data-element_type=\"widget\" data-widget_type=\"spacer.default\">\n\t\t\t\t<div class=\"elementor-widget-container\">\n\t\t\t\t\t\t\t<div class=\"elementor-spacer\">\n\t\t\t<div class=\"elementor-spacer-inner\"><\/div>\n\t\t<\/div>\n\t\t\t\t\t\t<\/div>\n\t\t\t\t<\/div>\n\t\t\t\t\t<\/div>\n\t\t<\/div>\n\t\t\t\t\t<\/div>\n\t\t<\/section>\n\t\t\t\t<\/div>\n\t\t","protected":false},"excerpt":{"rendered":"<p>Mudanzas Isaac C\u00f3rdoba P\u00e1gina WEB: https:\/\/www.mudanzasisaaccordoba.es Twitter:\u00a0https:\/\/twitter.com\/mudanzasic Facebook: https:\/\/www.facebook.com\/mudanzasisaaccordoba Instagram:\u00a0https:\/\/www.instagram.com\/mudanzasisaaccordoba Tel\u00e9fono: 914155939 Localizaci\u00f3n: Avenida Valdelasfuentes 44. 28701 San Sebasti\u00e1n de los Reyes. Descripci\u00f3n Como empresa de mudanzas en Madrid nos hemos especializado en el traslado de muebles y enseres de domicilios particulares, sin desatender en ning\u00fan momento a nuestra clientela profesional con el transporte de [&hellip;]<\/p>\n","protected":false},"author":1,"featured_media":0,"parent":4678,"menu_order":14,"comment_status":"closed","ping_status":"closed","template":"","meta":{"_acf_changed":false,"footnotes":""},"class_list":["post-7604","page","type-page","status-publish","hentry"],"acf":[],"_links":{"self":[{"href":"https:\/\/triatlonsanse.com\/triatlonsanse\/wp-json\/wp\/v2\/pages\/7604","targetHints":{"allow":["GET"]}}],"collection":[{"href":"https:\/\/triatlonsanse.com\/triatlonsanse\/wp-json\/wp\/v2\/pages"}],"about":[{"href":"https:\/\/triatlonsanse.com\/triatlonsanse\/wp-json\/wp\/v2\/types\/page"}],"author":[{"embeddable":true,"href":"https:\/\/triatlonsanse.com\/triatlonsanse\/wp-json\/wp\/v2\/users\/1"}],"replies":[{"embeddable":true,"href":"https:\/\/triatlonsanse.com\/triatlonsanse\/wp-json\/wp\/v2\/comments?post=7604"}],"version-history":[{"count":13,"href":"https:\/\/triatlonsanse.com\/triatlonsanse\/wp-json\/wp\/v2\/pages\/7604\/revisions"}],"predecessor-version":[{"id":7624,"href":"https:\/\/triatlonsanse.com\/triatlonsanse\/wp-json\/wp\/v2\/pages\/7604\/revisions\/7624"}],"up":[{"embeddable":true,"href":"https:\/\/triatlonsanse.com\/triatlonsanse\/wp-json\/wp\/v2\/pages\/4678"}],"wp:attachment":[{"href":"https:\/\/triatlonsanse.com\/triatlonsanse\/wp-json\/wp\/v2\/media?parent=7604"}],"curies":[{"name":"wp","href":"https:\/\/api.w.org\/{rel}","templated":true}]}}