{"id":6595,"date":"2023-11-28T17:26:57","date_gmt":"2023-11-28T16:26:57","guid":{"rendered":"https:\/\/triatlonsanse.com\/triatlonsanse\/?page_id=6595"},"modified":"2026-01-12T21:07:30","modified_gmt":"2026-01-12T20:07:30","slug":"escuela-de-triatlon","status":"publish","type":"page","link":"https:\/\/triatlonsanse.com\/triatlonsanse\/inicio\/escuela-de-triatlon\/","title":{"rendered":"Escuela de triatl\u00f3n"},"content":{"rendered":"\t\t<div data-elementor-type=\"wp-page\" data-elementor-id=\"6595\" class=\"elementor elementor-6595\" data-elementor-post-type=\"page\">\n\t\t\t\t\t\t<section class=\"elementor-section elementor-top-section elementor-element elementor-element-fcab33d elementor-section-boxed elementor-section-height-default elementor-section-height-default\" data-id=\"fcab33d\" data-element_type=\"section\">\n\t\t\t\t\t\t<div class=\"elementor-container elementor-column-gap-default\">\n\t\t\t\t\t<div class=\"elementor-column elementor-col-100 elementor-top-column elementor-element elementor-element-83aeab2\" data-id=\"83aeab2\" data-element_type=\"column\">\n\t\t\t<div class=\"elementor-widget-wrap elementor-element-populated\">\n\t\t\t\t\t\t<section class=\"elementor-section elementor-inner-section elementor-element elementor-element-b003d9b elementor-section-full_width elementor-section-height-default elementor-section-height-default\" data-id=\"b003d9b\" data-element_type=\"section\">\n\t\t\t\t\t\t<div class=\"elementor-container elementor-column-gap-default\">\n\t\t\t\t\t<div class=\"elementor-column elementor-col-100 elementor-inner-column elementor-element elementor-element-e8bd3a2\" data-id=\"e8bd3a2\" data-element_type=\"column\">\n\t\t\t<div class=\"elementor-widget-wrap elementor-element-populated\">\n\t\t\t\t\t\t<div class=\"elementor-element elementor-element-e028c67 elementor-widget elementor-widget-text-editor\" data-id=\"e028c67\" data-element_type=\"widget\" data-widget_type=\"text-editor.default\">\n\t\t\t\t<div class=\"elementor-widget-container\">\n\t\t\t\t\t\t\t\t\t<p>Desde el club Triatl\u00f3n San Sebasti\u00e1n de los Reyes \u00a0comenzqamos una nueva temporada de la <strong>escuela de triatl\u00f3n San Sebasti\u00e1n de los Reyes.<\/strong><\/p>\n<p><!-- \/wp:paragraph --><!-- wp:paragraph --><\/p>\n<p>Iniciamos esta nueva andadura persiguiendo el mismo objetivo con el que naci\u00f3 la escuela, seguir creciendo juntos, formando grandes deportistas y mejores personas dentro de un ambiente saludable, de respeto y diversi\u00f3n, a trav\u00e9s de la pr\u00e1ctica de uno de los deportes del momento, el triatl\u00f3n.<\/p>\n<p><!-- \/wp:paragraph --><!-- wp:paragraph --><\/p>\n<p>Si alg\u00fan miembro de vuestra familia est\u00e1 en edad infantil entre <strong>6 y 15 a\u00f1os<\/strong> y le gusta correr, montar en bici o nadar, no lo dud\u00e9is y apuntarlo a nuestra escuela de triatl\u00f3n San Sebasti\u00e1n de los Reyes.<\/p>\n<p><!-- \/wp:paragraph --><!-- wp:paragraph --><\/p>\n<p><!-- \/wp:button --><\/p>\t\t\t\t\t\t\t\t<\/div>\n\t\t\t\t<\/div>\n\t\t\t\t\t<\/div>\n\t\t<\/div>\n\t\t\t\t\t<\/div>\n\t\t<\/section>\n\t\t\t\t<section class=\"elementor-section elementor-inner-section elementor-element elementor-element-fcb7de0 elementor-section-full_width elementor-section-height-default elementor-section-height-default\" data-id=\"fcb7de0\" data-element_type=\"section\">\n\t\t\t\t\t\t<div class=\"elementor-container elementor-column-gap-default\">\n\t\t\t\t\t<div class=\"elementor-column elementor-col-100 elementor-inner-column elementor-element elementor-element-493ff37\" data-id=\"493ff37\" data-element_type=\"column\">\n\t\t\t<div class=\"elementor-widget-wrap elementor-element-populated\">\n\t\t\t\t\t\t<div class=\"elementor-element elementor-element-6f1d8b0 elementor-widget elementor-widget-heading\" data-id=\"6f1d8b0\" data-element_type=\"widget\" data-widget_type=\"heading.default\">\n\t\t\t\t<div class=\"elementor-widget-container\">\n\t\t\t\t\t<h2 class=\"elementor-heading-title elementor-size-default\">Horarios de actividades<\/h2>\t\t\t\t<\/div>\n\t\t\t\t<\/div>\n\t\t\t\t<div class=\"elementor-element elementor-element-209fd2a elementor-widget elementor-widget-text-editor\" data-id=\"209fd2a\" data-element_type=\"widget\" data-widget_type=\"text-editor.default\">\n\t\t\t\t<div class=\"elementor-widget-container\">\n\t\t\t\t\t\t\t\t\t<p><!-- \/wp:separator --><!-- wp:paragraph --><\/p>\n<p>Los horarios de entrenamiento de la Escuela para este curso son:<\/p>\n<p><!-- \/wp:paragraph --><!-- wp:list --><\/p>\n<ul>\n<li><strong>Piscina<\/strong>\n<ul>\n<li><u>Mi\u00e9rcoles<\/u>&nbsp;20:00-21:00 en la piscina del Colegio Estudiantes.<\/li>\n<li><u>S\u00e1bados<\/u> 13:30-14:30 en la piscina del Polideportivo Municipal Dehesa Boyal.<\/li>\n<\/ul>\n<\/li>\n<li><strong>Vel\u00f3dromo<\/strong>\n<ul>\n<li><u>Martes y jueves<\/u> 18:00-19:00 en el vel\u00f3dromo del Polideportivo Municipal Eduardo L\u00f3pez Mateo.<\/li><\/ul><\/li>\n<\/ul>\n<p><!-- \/wp:list --><!-- wp:paragraph --><\/p>\n<p><u>Todos los entrenamientos est\u00e1n englobados en una cuota \u00fanica. A\u00fan as\u00ed, no hay obligatoriedad de asistir a todas las sesiones.<\/u><\/p>\n<p><!-- \/wp:button --><\/p>\t\t\t\t\t\t\t\t<\/div>\n\t\t\t\t<\/div>\n\t\t\t\t\t<\/div>\n\t\t<\/div>\n\t\t\t\t\t<\/div>\n\t\t<\/section>\n\t\t\t\t<section class=\"elementor-section elementor-inner-section elementor-element elementor-element-afd429a elementor-section-full_width elementor-section-height-default elementor-section-height-default\" data-id=\"afd429a\" data-element_type=\"section\">\n\t\t\t\t\t\t<div class=\"elementor-container elementor-column-gap-default\">\n\t\t\t\t\t<div class=\"elementor-column elementor-col-100 elementor-inner-column elementor-element elementor-element-47b6bc0\" data-id=\"47b6bc0\" data-element_type=\"column\">\n\t\t\t<div class=\"elementor-widget-wrap elementor-element-populated\">\n\t\t\t\t\t\t<div class=\"elementor-element elementor-element-06c621d elementor-widget elementor-widget-heading\" data-id=\"06c621d\" data-element_type=\"widget\" data-widget_type=\"heading.default\">\n\t\t\t\t<div class=\"elementor-widget-container\">\n\t\t\t\t\t<h2 class=\"elementor-heading-title elementor-size-default\">Precio de las actividades<\/h2>\t\t\t\t<\/div>\n\t\t\t\t<\/div>\n\t\t\t\t<div class=\"elementor-element elementor-element-1a9170b elementor-widget elementor-widget-text-editor\" data-id=\"1a9170b\" data-element_type=\"widget\" data-widget_type=\"text-editor.default\">\n\t\t\t\t<div class=\"elementor-widget-container\">\n\t\t\t\t\t\t\t\t\t<p><!-- wp:paragraph --><\/p>\n<p><!-- \/wp:separator --><\/p>\n<p><!-- wp:paragraph --><\/p>\n<p>Para poder participar en todas las actividades de la Escuela de Triatl\u00f3n se realizar\u00e1n los siguientes pagos:<\/p>\n<ul>\n<li><b>70\u20ac de Matr\u00edcula.\u00a0<\/b>Se paga de forma anual con la inscripci\u00f3n a la Escuela, e incluye ficha federativa y pack de ropa de entrenamiento.<\/li>\n<li><strong>120\u20ac de pago trimestral<\/strong>, que da acceso a participar en todas las actividades anteriormente descritas.<br \/>La actividad se desarrollar\u00e1 durante los trimestres enero-marzo, abril-junio y octubre-diciembre. En septiembre habr\u00e1 actividades aunque no se cobrar\u00e1, y no habr\u00e1 actividades durante los meses de julio y agosto.<\/li>\n<\/ul>\n<p><!-- \/wp:button --><\/p>\t\t\t\t\t\t\t\t<\/div>\n\t\t\t\t<\/div>\n\t\t\t\t\t<\/div>\n\t\t<\/div>\n\t\t\t\t\t<\/div>\n\t\t<\/section>\n\t\t\t\t<section class=\"elementor-section elementor-inner-section elementor-element elementor-element-5f88afb elementor-section-full_width elementor-section-height-default elementor-section-height-default\" data-id=\"5f88afb\" data-element_type=\"section\">\n\t\t\t\t\t\t<div class=\"elementor-container elementor-column-gap-default\">\n\t\t\t\t\t<div class=\"elementor-column elementor-col-100 elementor-inner-column elementor-element elementor-element-53c1cfe\" data-id=\"53c1cfe\" data-element_type=\"column\">\n\t\t\t<div class=\"elementor-widget-wrap elementor-element-populated\">\n\t\t\t\t\t\t<div class=\"elementor-element elementor-element-02b9097 elementor-align-center elementor-widget elementor-widget-button\" data-id=\"02b9097\" data-element_type=\"widget\" data-widget_type=\"button.default\">\n\t\t\t\t<div class=\"elementor-widget-container\">\n\t\t\t\t\t\t\t\t\t<div class=\"elementor-button-wrapper\">\n\t\t\t\t\t<a class=\"elementor-button elementor-button-link elementor-size-sm\" href=\"https:\/\/triatlonsanse.com\/triatlonsanse\/inicio\/escuela-de-triatlon\/inscripcion-escuela-de-triatlon\/\">\n\t\t\t\t\t\t<span class=\"elementor-button-content-wrapper\">\n\t\t\t\t\t\t\t\t\t<span class=\"elementor-button-text\">Inscr\u00edbete en la Escuela de Triatl\u00f3n<\/span>\n\t\t\t\t\t<\/span>\n\t\t\t\t\t<\/a>\n\t\t\t\t<\/div>\n\t\t\t\t\t\t\t\t<\/div>\n\t\t\t\t<\/div>\n\t\t\t\t\t<\/div>\n\t\t<\/div>\n\t\t\t\t\t<\/div>\n\t\t<\/section>\n\t\t\t\t\t<\/div>\n\t\t<\/div>\n\t\t\t\t\t<\/div>\n\t\t<\/section>\n\t\t\t\t<\/div>\n\t\t","protected":false},"excerpt":{"rendered":"<p>Desde el club Triatl\u00f3n San Sebasti\u00e1n de los Reyes \u00a0comenzqamos una nueva temporada de la escuela de triatl\u00f3n San Sebasti\u00e1n de los Reyes. Iniciamos esta nueva andadura persiguiendo el mismo objetivo con el que naci\u00f3 la escuela, seguir creciendo juntos, formando grandes deportistas y mejores personas dentro de un ambiente saludable, de respeto y diversi\u00f3n, [&hellip;]<\/p>\n","protected":false},"author":1,"featured_media":6611,"parent":4572,"menu_order":3,"comment_status":"closed","ping_status":"closed","template":"","meta":{"_acf_changed":false,"footnotes":""},"class_list":["post-6595","page","type-page","status-publish","has-post-thumbnail","hentry"],"acf":[],"_links":{"self":[{"href":"https:\/\/triatlonsanse.com\/triatlonsanse\/wp-json\/wp\/v2\/pages\/6595","targetHints":{"allow":["GET"]}}],"collection":[{"href":"https:\/\/triatlonsanse.com\/triatlonsanse\/wp-json\/wp\/v2\/pages"}],"about":[{"href":"https:\/\/triatlonsanse.com\/triatlonsanse\/wp-json\/wp\/v2\/types\/page"}],"author":[{"embeddable":true,"href":"https:\/\/triatlonsanse.com\/triatlonsanse\/wp-json\/wp\/v2\/users\/1"}],"replies":[{"embeddable":true,"href":"https:\/\/triatlonsanse.com\/triatlonsanse\/wp-json\/wp\/v2\/comments?post=6595"}],"version-history":[{"count":38,"href":"https:\/\/triatlonsanse.com\/triatlonsanse\/wp-json\/wp\/v2\/pages\/6595\/revisions"}],"predecessor-version":[{"id":8014,"href":"https:\/\/triatlonsanse.com\/triatlonsanse\/wp-json\/wp\/v2\/pages\/6595\/revisions\/8014"}],"up":[{"embeddable":true,"href":"https:\/\/triatlonsanse.com\/triatlonsanse\/wp-json\/wp\/v2\/pages\/4572"}],"wp:featuredmedia":[{"embeddable":true,"href":"https:\/\/triatlonsanse.com\/triatlonsanse\/wp-json\/wp\/v2\/media\/6611"}],"wp:attachment":[{"href":"https:\/\/triatlonsanse.com\/triatlonsanse\/wp-json\/wp\/v2\/media?parent=6595"}],"curies":[{"name":"wp","href":"https:\/\/api.w.org\/{rel}","templated":true}]}}