{"id":4752,"date":"2022-09-04T16:05:21","date_gmt":"2022-09-04T15:05:21","guid":{"rendered":"https:\/\/triatlonsanse.com\/triatlonsanse\/?page_id=4752"},"modified":"2024-05-06T10:56:22","modified_gmt":"2024-05-06T09:56:22","slug":"inscripcion-escuela-de-triatlon","status":"publish","type":"page","link":"https:\/\/triatlonsanse.com\/triatlonsanse\/inicio\/escuela-de-triatlon\/inscripcion-escuela-de-triatlon\/","title":{"rendered":"Inscripci\u00f3n Escuela de Triatl\u00f3n"},"content":{"rendered":"\t\t<div data-elementor-type=\"wp-page\" data-elementor-id=\"4752\" class=\"elementor elementor-4752\" data-elementor-post-type=\"page\">\n\t\t\t\t\t\t<section class=\"elementor-section elementor-top-section elementor-element elementor-element-a3f42b5 elementor-section-boxed elementor-section-height-default elementor-section-height-default\" data-id=\"a3f42b5\" data-element_type=\"section\">\n\t\t\t\t\t\t<div class=\"elementor-container elementor-column-gap-default\">\n\t\t\t\t\t<div class=\"elementor-column elementor-col-100 elementor-top-column elementor-element elementor-element-98a1597\" data-id=\"98a1597\" data-element_type=\"column\">\n\t\t\t<div class=\"elementor-widget-wrap elementor-element-populated\">\n\t\t\t\t\t\t<div class=\"elementor-element elementor-element-91896d5 elementor-widget elementor-widget-jkit_heading\" data-id=\"91896d5\" data-element_type=\"widget\" data-widget_type=\"jkit_heading.default\">\n\t\t\t\t<div class=\"elementor-widget-container\">\n\t\t\t\t\t<div  class=\"jeg-elementor-kit jkit-heading  align-center align-tablet- align-mobile- jeg_module___69ee49b855cdd\" ><div class=\"heading-section-title  display-inline-block\"><h2 class=\"heading-title\">Inscripci\u00f3n Escuela de Triatl\u00f3n<\/h2><\/div><div class=\"heading-section-separator\"><div class=\"separator-wrapper style-solid\"><\/div><\/div><\/div>\t\t\t\t<\/div>\n\t\t\t\t<\/div>\n\t\t\t\t\t<\/div>\n\t\t<\/div>\n\t\t\t\t\t<\/div>\n\t\t<\/section>\n\t\t\t\t<section class=\"elementor-section elementor-top-section elementor-element elementor-element-b89baa7 elementor-section-boxed elementor-section-height-default elementor-section-height-default\" data-id=\"b89baa7\" data-element_type=\"section\">\n\t\t\t\t\t\t<div class=\"elementor-container elementor-column-gap-default\">\n\t\t\t\t\t<div class=\"elementor-column elementor-col-100 elementor-top-column elementor-element elementor-element-721dd481\" data-id=\"721dd481\" data-element_type=\"column\">\n\t\t\t<div class=\"elementor-widget-wrap elementor-element-populated\">\n\t\t\t\t\t\t<div class=\"elementor-element elementor-element-8b11b05 eael-caldera-form-labels-yes eael-caldera-form-button-custom elementor-widget elementor-widget-eael-caldera-form\" data-id=\"8b11b05\" data-element_type=\"widget\" data-widget_type=\"eael-caldera-form.default\">\n\t\t\t\t<div class=\"elementor-widget-container\">\n\t\t\t\t\t            <div class=\"eael-contact-form eael-caldera-form eael-contact-form-align-default\">\n                                <div class=\"caldera-grid\" id=\"caldera_form_1\" data-cf-ver=\"1.8.8\" data-cf-form-id=\"CF5dffa24b4e9fb\"><div id=\"caldera_notices_1\" data-spinner=\"https:\/\/triatlonsanse.com\/triatlonsanse\/wp-admin\/images\/spinner.gif\"><\/div><form data-instance=\"1\" class=\"CF5dffa24b4e9fb caldera_forms_form cfajax-trigger\" method=\"POST\" enctype=\"multipart\/form-data\" id=\"CF5dffa24b4e9fb_1\" data-form-id=\"CF5dffa24b4e9fb\" aria-label=\"Formulario de inscripci&oacute;n Escuela\" data-target=\"#caldera_notices_1\" data-template=\"#cfajax_CF5dffa24b4e9fb-tmpl\" data-cfajax=\"CF5dffa24b4e9fb\" data-load-element=\"_parent\" data-load-class=\"cf_processing\" data-post-disable=\"0\" data-action=\"cf_process_ajax_submit\" data-request=\"https:\/\/triatlonsanse.com\/triatlonsanse\/cf-api\/CF5dffa24b4e9fb\" data-hiderows=\"true\">\r\n<input type=\"hidden\" id=\"_cf_verify_CF5dffa24b4e9fb\" name=\"_cf_verify\" value=\"c299c2b517\"  data-nonce-time=\"1777224120\" \/><input type=\"hidden\" name=\"_wp_http_referer\" value=\"\/triatlonsanse\/wp-json\/wp\/v2\/pages\/4752\" \/><div id=\"cf2-CF5dffa24b4e9fb_1\"><\/div><input type=\"hidden\" name=\"_cf_frm_id\" value=\"CF5dffa24b4e9fb\">\r\n<input type=\"hidden\" name=\"_cf_frm_ct\" value=\"1\">\r\n<input type=\"hidden\" name=\"cfajax\" value=\"CF5dffa24b4e9fb\">\r\n<input type=\"hidden\" name=\"_cf_cr_pst\" value=\"4752\">\r\n<div class=\"hide\" style=\"display:none; overflow:hidden;height:0;width:0;\">\r\n<label>Twitter<\/label><input type=\"text\" name=\"twitter\" value=\"\" autocomplete=\"off\">\r\n<\/div><div id=\"CF5dffa24b4e9fb_1-row-1\"  class=\"row  first_row\"><div  class=\"col-sm-12  single\"><div class=\"h3\"><h3><u>Datos del alumno<\/u><\/h3>\n<\/div><\/div><\/div><div id=\"CF5dffa24b4e9fb_1-row-2\"  class=\"row \"><div  class=\"col-sm-4  first_col\"><div data-field-wrapper=\"fld_4826935\" class=\"form-group\" id=\"fld_4826935_1-wrap\">\r\n\t<label id=\"fld_4826935Label\" for=\"fld_4826935_1\" class=\"control-label\">Nombre: <span aria-hidden=\"true\" role=\"presentation\" class=\"field_required\" style=\"color:#ee0000;\">*<\/span><\/label>\r\n\t<div class=\"\">\r\n\t\t<input   required type=\"text\" data-field=\"fld_4826935\" class=\" form-control\" id=\"fld_4826935_1\" name=\"fld_4826935\" value=\"\" data-type=\"text\" aria-required=\"true\"   aria-labelledby=\"fld_4826935Label\" >\t\t\t<\/div>\r\n<\/div>\r\n<\/div><div  class=\"col-sm-4 \"><div data-field-wrapper=\"fld_4934069\" class=\"form-group\" id=\"fld_4934069_1-wrap\">\r\n\t<label id=\"fld_4934069Label\" for=\"fld_4934069_1\" class=\"control-label\">Primer apellido: <span aria-hidden=\"true\" role=\"presentation\" class=\"field_required\" style=\"color:#ee0000;\">*<\/span><\/label>\r\n\t<div class=\"\">\r\n\t\t<input   required type=\"text\" data-field=\"fld_4934069\" class=\" form-control\" id=\"fld_4934069_1\" name=\"fld_4934069\" value=\"\" data-type=\"text\" aria-required=\"true\"   aria-labelledby=\"fld_4934069Label\" >\t\t\t<\/div>\r\n<\/div>\r\n<\/div><div  class=\"col-sm-4  last_col\"><div data-field-wrapper=\"fld_7453251\" class=\"form-group\" id=\"fld_7453251_1-wrap\">\r\n\t<label id=\"fld_7453251Label\" for=\"fld_7453251_1\" class=\"control-label\">Segundo apellido: <span aria-hidden=\"true\" role=\"presentation\" class=\"field_required\" style=\"color:#ee0000;\">*<\/span><\/label>\r\n\t<div class=\"\">\r\n\t\t<input   required type=\"text\" data-field=\"fld_7453251\" class=\" form-control\" id=\"fld_7453251_1\" name=\"fld_7453251\" value=\"\" data-type=\"text\" aria-required=\"true\"   aria-labelledby=\"fld_7453251Label\" >\t\t\t<\/div>\r\n<\/div>\r\n<\/div><\/div><div id=\"CF5dffa24b4e9fb_1-row-3\"  class=\"row \"><div  class=\"col-sm-4  first_col\"><div data-field-wrapper=\"fld_1660173\" class=\"form-group\" id=\"fld_1660173_1-wrap\">\r\n\t<label id=\"fld_1660173Label\" for=\"fld_1660173_1\" class=\"control-label\">G\u00e9nero: <span aria-hidden=\"true\" role=\"presentation\" class=\"field_required\" style=\"color:#ee0000;\">*<\/span><\/label>\r\n\t<div class=\"\">\r\n\t\t<select name=\"fld_1660173\" value=\"\" data-field=\"fld_1660173\" class=\"form-control\" id=\"fld_1660173_1\"  required=\"required\"  aria-labelledby=\"fld_1660173Label\" >\r\n\t\t<option value=\"\"><\/option>\r\n\t\t\t\t\t<option value=\"Masculino\"  data-calc-value=\"Masculino\" >\r\n\t\t\t\t\t\tMasculino\t\t\t\t\t<\/option>\r\n\t\t\t\t\t\t\t\t\t\t<option value=\"Femenino\"  data-calc-value=\"Femenino\" >\r\n\t\t\t\t\t\tFemenino\t\t\t\t\t<\/option>\r\n\t\t\t\t\t\t\t<\/select>\r\n\t\t\t<\/div>\r\n<\/div>\r\n<\/div><div  class=\"col-sm-4 \">\r\n<div data-field-wrapper=\"fld_4451095\" class=\"form-group\" id=\"fld_4451095_1-wrap\">\r\n\t<label id=\"fld_4451095Label\" for=\"fld_4451095_1\" class=\"control-label\">Fecha de nacimiento: <span aria-hidden=\"true\" role=\"presentation\" class=\"field_required\" style=\"color:#ee0000;\">*<\/span><\/label>\r\n\t<div class=\"\">\r\n\t\t<input  type=\"text\" data-provide=\"cfdatepicker\" name=\"fld_4451095\" value=\"\" id=\"fld_4451095_1\" data-field=\"fld_4451095\" class=\"form-control cfdatepicker is-cfdatepicker\" data-date-format=\"dd-mm-yyyy\" required=\"1\" data-date-start-view=\"decade\" data-date-language=\"es\"   aria-labelledby=\"fld_4451095Label\" required  \/>\r\n\t\t\t<\/div>\r\n<\/div>\r\n<\/div><div  class=\"col-sm-4  last_col\"><div data-field-wrapper=\"fld_4986881\" class=\"form-group\" id=\"fld_4986881_1-wrap\">\r\n\t<label id=\"fld_4986881Label\" for=\"fld_4986881_1\" class=\"control-label\">DNI:<\/label>\r\n\t<div class=\"\">\r\n\t\t<input    type=\"text\" data-field=\"fld_4986881\" class=\" form-control\" id=\"fld_4986881_1\" name=\"fld_4986881\" value=\"\" data-type=\"text\"   aria-labelledby=\"fld_4986881Label\" >\t\t\t<\/div>\r\n<\/div>\r\n<\/div><\/div><div id=\"CF5dffa24b4e9fb_1-row-4\"  class=\"row \"><div  class=\"col-sm-12  single\"><div data-field-wrapper=\"fld_9087857\" class=\"form-group\" id=\"fld_9087857_1-wrap\">\r\n\t<label id=\"fld_9087857Label\" for=\"fld_9087857_1\" class=\"control-label\">Direcci\u00f3n postal: <span aria-hidden=\"true\" role=\"presentation\" class=\"field_required\" style=\"color:#ee0000;\">*<\/span><\/label>\r\n\t<div class=\"\">\r\n\t\t<input   required type=\"text\" data-field=\"fld_9087857\" class=\" form-control\" id=\"fld_9087857_1\" name=\"fld_9087857\" value=\"\" data-type=\"text\" aria-required=\"true\"   aria-labelledby=\"fld_9087857Label\" >\t\t\t<\/div>\r\n<\/div>\r\n<\/div><\/div><div id=\"CF5dffa24b4e9fb_1-row-5\"  class=\"row \"><div  class=\"col-sm-6  first_col\"><div data-field-wrapper=\"fld_3337824\" class=\"form-group\" id=\"fld_3337824_1-wrap\">\r\n\t<label id=\"fld_3337824Label\" for=\"fld_3337824_1\" class=\"control-label\">Localidad: <span aria-hidden=\"true\" role=\"presentation\" class=\"field_required\" style=\"color:#ee0000;\">*<\/span><\/label>\r\n\t<div class=\"\">\r\n\t\t<input   required type=\"text\" data-field=\"fld_3337824\" class=\" form-control\" id=\"fld_3337824_1\" name=\"fld_3337824\" value=\"\" data-type=\"text\" aria-required=\"true\"   aria-labelledby=\"fld_3337824Label\" >\t\t\t<\/div>\r\n<\/div>\r\n<\/div><div  class=\"col-sm-3 \"><div data-field-wrapper=\"fld_4183192\" class=\"form-group\" id=\"fld_4183192_1-wrap\">\r\n\t<label id=\"fld_4183192Label\" for=\"fld_4183192_1\" class=\"control-label\">Provincia: <span aria-hidden=\"true\" role=\"presentation\" class=\"field_required\" style=\"color:#ee0000;\">*<\/span><\/label>\r\n\t<div class=\"\">\r\n\t\t<input   required type=\"text\" data-field=\"fld_4183192\" class=\" form-control\" id=\"fld_4183192_1\" name=\"fld_4183192\" value=\"\" data-type=\"text\" aria-required=\"true\"   aria-labelledby=\"fld_4183192Label\" >\t\t\t<\/div>\r\n<\/div>\r\n<\/div><div  class=\"col-sm-3  last_col\"><div data-field-wrapper=\"fld_9173389\" class=\"form-group\" id=\"fld_9173389_1-wrap\">\r\n\t<label id=\"fld_9173389Label\" for=\"fld_9173389_1\" class=\"control-label\">C\u00f3digo Postal <span aria-hidden=\"true\" role=\"presentation\" class=\"field_required\" style=\"color:#ee0000;\">*<\/span><\/label>\r\n\t<div class=\"\">\r\n\t\t<input   required type=\"text\" data-field=\"fld_9173389\" class=\" form-control\" id=\"fld_9173389_1\" name=\"fld_9173389\" value=\"\" data-type=\"text\" aria-required=\"true\"   aria-labelledby=\"fld_9173389Label\" >\t\t\t<\/div>\r\n<\/div>\r\n<\/div><\/div><div id=\"CF5dffa24b4e9fb_1-row-6\"  class=\"row \"><div  class=\"col-sm-6  first_col\"><div data-field-wrapper=\"fld_8966074\" class=\"form-group\" id=\"fld_8966074_1-wrap\">\r\n<label id=\"fld_8966074Label\" for=\"fld_8966074_1\" class=\"control-label\">\u00bfAlguna alergia, enfermedad o s\u00edntoma rese\u00f1able?: <span aria-hidden=\"true\" role=\"presentation\" class=\"field_required\" style=\"color:#ee0000;\">*<\/span><\/label>\r\n<div class=\"\">\r\n\t\t\t\t<label class=\"radio-inline\" data-label=\"S\u00ed\" for=\"fld_8966074_1_opt1975615\"><input type=\"radio\" id=\"fld_8966074_1_opt1975615\" data-field=\"fld_8966074\" class=\"fld_8966074_1 option-required\" name=\"fld_8966074\" value=\"S\u00ed\"   required=\"required\" data-radio-field=\"fld_8966074_1\" data-type=\"radio\" data-calc-value=\"S\u00ed\" \/>\r\n\t\t\tS\u00ed\t\t<\/label>\r\n\t\t\t\t\t\t\t\t<label class=\"radio-inline\" data-label=\"No\" for=\"fld_8966074_1_opt1485868\"><input type=\"radio\" id=\"fld_8966074_1_opt1485868\" data-field=\"fld_8966074\" class=\"fld_8966074_1 option-required\" name=\"fld_8966074\" value=\"No\"   required=\"required\" data-radio-field=\"fld_8966074_1\" data-type=\"radio\" data-calc-value=\"No\" \/>\r\n\t\t\tNo\t\t<\/label>\r\n\t\t\t\t<\/div>\r\n<\/div>\r\n<\/div><div  class=\"col-sm-6  last_col\"><span class=\"caldera-forms-conditional-field\" role=\"region\" aria-live=\"polite\" id=\"conditional_fld_5281853_1\" data-field-id=\"fld_5281853_1\"><\/span><\/div><\/div><div id=\"CF5dffa24b4e9fb_1-row-7\"  class=\"row \"><div  class=\"col-sm-5  first_col\"><div data-field-wrapper=\"fld_8301710\" class=\"form-group\" id=\"fld_8301710_1-wrap\">\r\n<label id=\"fld_8301710Label\" for=\"fld_8301710_1\" class=\"control-label\">\u00bfDispone de seguro privado de salud?: <span aria-hidden=\"true\" role=\"presentation\" class=\"field_required\" style=\"color:#ee0000;\">*<\/span><\/label>\r\n<div class=\"\">\r\n\t\t\t\t<label class=\"radio-inline\" data-label=\"S\u00ed\" for=\"fld_8301710_1_opt1654406\"><input type=\"radio\" id=\"fld_8301710_1_opt1654406\" data-field=\"fld_8301710\" class=\"fld_8301710_1 option-required\" name=\"fld_8301710\" value=\"S\u00ed\"   required=\"required\" data-radio-field=\"fld_8301710_1\" data-type=\"radio\" data-calc-value=\"S\u00ed\" \/>\r\n\t\t\tS\u00ed\t\t<\/label>\r\n\t\t\t\t\t\t\t\t<label class=\"radio-inline\" data-label=\"No\" for=\"fld_8301710_1_opt1270664\"><input type=\"radio\" id=\"fld_8301710_1_opt1270664\" data-field=\"fld_8301710\" class=\"fld_8301710_1 option-required\" name=\"fld_8301710\" value=\"No\"   required=\"required\" data-radio-field=\"fld_8301710_1\" data-type=\"radio\" data-calc-value=\"No\" \/>\r\n\t\t\tNo\t\t<\/label>\r\n\t\t\t\t<\/div>\r\n<\/div>\r\n<\/div><div  class=\"col-sm-7  last_col\"><span class=\"caldera-forms-conditional-field\" role=\"region\" aria-live=\"polite\" id=\"conditional_fld_628388_1\" data-field-id=\"fld_628388_1\"><\/span><\/div><\/div><div id=\"CF5dffa24b4e9fb_1-row-8\"  class=\"row \"><div  class=\"col-sm-12  single\"><span class=\"caldera-forms-conditional-field\" role=\"region\" aria-live=\"polite\" id=\"conditional_fld_4591343_1\" data-field-id=\"fld_4591343_1\"><\/span><\/div><\/div><div id=\"CF5dffa24b4e9fb_1-row-9\"  class=\"row \"><div  class=\"col-sm-12  single\"><\/div><\/div><div id=\"CF5dffa24b4e9fb_1-row-10\"  class=\"row \"><div  class=\"col-sm-12  single\"><hr id=\"fld_6373869_1\" class=\"\" style=\"width: 100%\" \/><div class=\"h3\"><h3><u>Datos del padre, madre o tutor<\/u><\/h3>\n<\/div><\/div><\/div><div id=\"CF5dffa24b4e9fb_1-row-11\"  class=\"row \"><div  class=\"col-sm-4  first_col\"><div data-field-wrapper=\"fld_7401583\" class=\"form-group\" id=\"fld_7401583_1-wrap\">\r\n\t<label id=\"fld_7401583Label\" for=\"fld_7401583_1\" class=\"control-label\">Nombre <span aria-hidden=\"true\" role=\"presentation\" class=\"field_required\" style=\"color:#ee0000;\">*<\/span><\/label>\r\n\t<div class=\"\">\r\n\t\t<input   required type=\"text\" data-field=\"fld_7401583\" class=\" form-control\" id=\"fld_7401583_1\" name=\"fld_7401583\" value=\"\" data-type=\"text\" aria-required=\"true\"   aria-labelledby=\"fld_7401583Label\" >\t\t\t<\/div>\r\n<\/div>\r\n<\/div><div  class=\"col-sm-4 \"><div data-field-wrapper=\"fld_3144482\" class=\"form-group\" id=\"fld_3144482_1-wrap\">\r\n\t<label id=\"fld_3144482Label\" for=\"fld_3144482_1\" class=\"control-label\">Primer apellido: <span aria-hidden=\"true\" role=\"presentation\" class=\"field_required\" style=\"color:#ee0000;\">*<\/span><\/label>\r\n\t<div class=\"\">\r\n\t\t<input   required type=\"text\" data-field=\"fld_3144482\" class=\" form-control\" id=\"fld_3144482_1\" name=\"fld_3144482\" value=\"\" data-type=\"text\" aria-required=\"true\"   aria-labelledby=\"fld_3144482Label\" >\t\t\t<\/div>\r\n<\/div>\r\n<\/div><div  class=\"col-sm-4  last_col\"><div data-field-wrapper=\"fld_5734126\" class=\"form-group\" id=\"fld_5734126_1-wrap\">\r\n\t<label id=\"fld_5734126Label\" for=\"fld_5734126_1\" class=\"control-label\">Segundo apellido: <span aria-hidden=\"true\" role=\"presentation\" class=\"field_required\" style=\"color:#ee0000;\">*<\/span><\/label>\r\n\t<div class=\"\">\r\n\t\t<input   required type=\"text\" data-field=\"fld_5734126\" class=\" form-control\" id=\"fld_5734126_1\" name=\"fld_5734126\" value=\"\" data-type=\"text\" aria-required=\"true\"   aria-labelledby=\"fld_5734126Label\" >\t\t\t<\/div>\r\n<\/div>\r\n<\/div><\/div><div id=\"CF5dffa24b4e9fb_1-row-12\"  class=\"row \"><div  class=\"col-sm-6  first_col\"><div data-field-wrapper=\"fld_7739481\" class=\"form-group\" id=\"fld_7739481_1-wrap\">\r\n\t<label id=\"fld_7739481Label\" for=\"fld_7739481_1\" class=\"control-label\">Tel\u00e9fono de contacto: <span aria-hidden=\"true\" role=\"presentation\" class=\"field_required\" style=\"color:#ee0000;\">*<\/span><\/label>\r\n\t<div class=\"\">\r\n\t\t<input   required type=\"text\" data-field=\"fld_7739481\" class=\" form-control\" id=\"fld_7739481_1\" name=\"fld_7739481\" value=\"\" data-type=\"text\" aria-required=\"true\"   aria-labelledby=\"fld_7739481Label\" >\t\t\t<\/div>\r\n<\/div>\r\n<\/div><div  class=\"col-sm-6  last_col\"><div data-field-wrapper=\"fld_332897\" class=\"form-group\" id=\"fld_332897_1-wrap\">\r\n\t<label id=\"fld_332897Label\" for=\"fld_332897_1\" class=\"control-label\">Correo electr\u00f3nico: <span aria-hidden=\"true\" role=\"presentation\" class=\"field_required\" style=\"color:#ee0000;\">*<\/span><\/label>\r\n\t<div class=\"\">\r\n\t\t<input   required type=\"text\" data-field=\"fld_332897\" class=\" form-control\" id=\"fld_332897_1\" name=\"fld_332897\" value=\"\" data-type=\"text\" aria-required=\"true\"   aria-labelledby=\"fld_332897Label\" >\t\t\t<\/div>\r\n<\/div>\r\n<\/div><\/div><div id=\"CF5dffa24b4e9fb_1-row-13\"  class=\"row  last_row\"><div  class=\"col-sm-12  single\"><div class=\"\"><div style=\"height: 20px;\"><\/div>\n<\/div><div data-field-wrapper=\"fld_9895470\" class=\"form-group text-center\" id=\"fld_9895470_1-wrap\">\r\n<div class=\"\">\r\n\t<input  class=\"btn btn-default\" type=\"submit\" name=\"fld_9895470\" id=\"fld_9895470_1\" value=\"Enviar\" data-field=\"fld_9895470\"  >\r\n<\/div>\r\n<\/div>\r\n\t<input class=\"button_trigger_1\" type=\"hidden\" name=\"fld_9895470\" id=\"fld_9895470_1_btn\" value=\"\" data-field=\"fld_9895470\"  \/>\r\n<\/div><\/div><\/form>\r\n<\/div>\r\n<script type=\"text\/javascript\">\r\nif( typeof caldera_conditionals === \"undefined\" ){ var caldera_conditionals = {}; }caldera_conditionals.CF5dffa24b4e9fb_1 = {\"fld_5281853_1\":{\"type\":\"show\",\"group\":{\"rw6417278352655039\":{\"cl6389833475591732\":{\"parent\":\"rw6417278352655039\",\"field\":\"fld_8966074\",\"compare\":\"is\",\"value\":\"S\\u00ed\",\"label\":\"S\\u00ed\"}}}},\"fld_628388_1\":{\"type\":\"show\",\"group\":{\"rw7607766222084957\":{\"cl9799119468478712\":{\"parent\":\"rw7607766222084957\",\"field\":\"fld_8301710\",\"compare\":\"is\",\"value\":\"S\\u00ed\",\"label\":\"S\\u00ed\"}}}},\"fld_4591343_1\":{\"type\":\"show\",\"group\":{\"rw7607766222084957\":{\"cl9799119468478712\":{\"parent\":\"rw7607766222084957\",\"field\":\"fld_8301710\",\"compare\":\"is\",\"value\":\"S\\u00ed\",\"label\":\"S\\u00ed\"}}}}};\r\n<\/script>\r\n<script type=\"text\/html\" id=\"conditional-fld_5281853_1-tmpl\">\r\n<div data-field-wrapper=\"fld_5281853\" class=\"form-group\" id=\"fld_5281853_1-wrap\">\r\n\t<label id=\"fld_5281853Label\" for=\"fld_5281853_1\" class=\"control-label\">Indicar alergias y enfermedades: <span aria-hidden=\"true\" role=\"presentation\" class=\"field_required\" style=\"color:#ee0000;\">*<\/span><\/label>\r\n\t<div class=\"\">\r\n\t\t<input   required type=\"text\" data-field=\"fld_5281853\" class=\" form-control\" id=\"fld_5281853_1\" name=\"fld_5281853\" value=\"\" data-type=\"text\" aria-required=\"true\"   aria-labelledby=\"fld_5281853Label\" >\t\t\t<\/div>\r\n<\/div>\r\n<\/script>\r\n\r\n<script type=\"text\/html\" id=\"conditional-fld_628388_1-tmpl\">\r\n<div data-field-wrapper=\"fld_628388\" class=\"form-group\" id=\"fld_628388_1-wrap\">\r\n\t<label id=\"fld_628388Label\" for=\"fld_628388_1\" class=\"control-label\">Indicar aseguradora: <span aria-hidden=\"true\" role=\"presentation\" class=\"field_required\" style=\"color:#ee0000;\">*<\/span><\/label>\r\n\t<div class=\"\">\r\n\t\t<input   required type=\"text\" data-field=\"fld_628388\" class=\" form-control\" id=\"fld_628388_1\" name=\"fld_628388\" value=\"\" data-type=\"text\" aria-required=\"true\"   aria-labelledby=\"fld_628388Label\" >\t\t\t<\/div>\r\n<\/div>\r\n<\/script>\r\n\r\n<script type=\"text\/html\" id=\"conditional-fld_4591343_1-tmpl\">\r\n<div data-field-wrapper=\"fld_4591343\" class=\"form-group\" id=\"fld_4591343_1-wrap\">\r\n\t<label id=\"fld_4591343Label\" for=\"fld_4591343_1\" class=\"control-label\">Centro privado al que acudir en caso de urgencia: <span aria-hidden=\"true\" role=\"presentation\" class=\"field_required\" style=\"color:#ee0000;\">*<\/span><\/label>\r\n\t<div class=\"\">\r\n\t\t<input   required type=\"text\" data-field=\"fld_4591343\" class=\" form-control\" id=\"fld_4591343_1\" name=\"fld_4591343\" value=\"\" data-type=\"text\" aria-required=\"true\"   aria-labelledby=\"fld_4591343Label\" >\t\t\t<\/div>\r\n<\/div>\r\n<\/script>\r\n            <\/div>\n            \t\t\t\t<\/div>\n\t\t\t\t<\/div>\n\t\t\t\t\t<\/div>\n\t\t<\/div>\n\t\t\t\t\t<\/div>\n\t\t<\/section>\n\t\t\t\t<section class=\"elementor-section elementor-top-section elementor-element elementor-element-8d927a1 elementor-section-boxed elementor-section-height-default elementor-section-height-default\" data-id=\"8d927a1\" data-element_type=\"section\">\n\t\t\t\t\t\t<div class=\"elementor-container elementor-column-gap-default\">\n\t\t\t\t\t<div class=\"elementor-column elementor-col-100 elementor-top-column elementor-element elementor-element-06f1f70\" data-id=\"06f1f70\" data-element_type=\"column\">\n\t\t\t<div class=\"elementor-widget-wrap elementor-element-populated\">\n\t\t\t\t\t\t<div class=\"elementor-element elementor-element-7d7475e elementor-widget elementor-widget-spacer\" data-id=\"7d7475e\" data-element_type=\"widget\" data-widget_type=\"spacer.default\">\n\t\t\t\t<div class=\"elementor-widget-container\">\n\t\t\t\t\t\t\t<div class=\"elementor-spacer\">\n\t\t\t<div class=\"elementor-spacer-inner\"><\/div>\n\t\t<\/div>\n\t\t\t\t\t\t<\/div>\n\t\t\t\t<\/div>\n\t\t\t\t\t<\/div>\n\t\t<\/div>\n\t\t\t\t\t<\/div>\n\t\t<\/section>\n\t\t\t\t<\/div>\n\t\t","protected":false},"excerpt":{"rendered":"<p>Inscripci\u00f3n Escuela de Triatl\u00f3n Url Datos del alumno Nombre: * Primer apellido: * Segundo apellido: * G\u00e9nero: * Masculino Femenino Fecha de nacimiento: * DNI: Direcci\u00f3n postal: * Localidad: * Provincia: * C\u00f3digo Postal * \u00bfAlguna alergia, enfermedad o s\u00edntoma rese\u00f1able?: * S\u00ed No \u00bfDispone de seguro privado de salud?: * S\u00ed No Datos del [&hellip;]<\/p>\n","protected":false},"author":1,"featured_media":0,"parent":6595,"menu_order":0,"comment_status":"closed","ping_status":"closed","template":"","meta":{"_acf_changed":false,"footnotes":""},"class_list":["post-4752","page","type-page","status-publish","hentry"],"acf":[],"_links":{"self":[{"href":"https:\/\/triatlonsanse.com\/triatlonsanse\/wp-json\/wp\/v2\/pages\/4752","targetHints":{"allow":["GET"]}}],"collection":[{"href":"https:\/\/triatlonsanse.com\/triatlonsanse\/wp-json\/wp\/v2\/pages"}],"about":[{"href":"https:\/\/triatlonsanse.com\/triatlonsanse\/wp-json\/wp\/v2\/types\/page"}],"author":[{"embeddable":true,"href":"https:\/\/triatlonsanse.com\/triatlonsanse\/wp-json\/wp\/v2\/users\/1"}],"replies":[{"embeddable":true,"href":"https:\/\/triatlonsanse.com\/triatlonsanse\/wp-json\/wp\/v2\/comments?post=4752"}],"version-history":[{"count":31,"href":"https:\/\/triatlonsanse.com\/triatlonsanse\/wp-json\/wp\/v2\/pages\/4752\/revisions"}],"predecessor-version":[{"id":5384,"href":"https:\/\/triatlonsanse.com\/triatlonsanse\/wp-json\/wp\/v2\/pages\/4752\/revisions\/5384"}],"up":[{"embeddable":true,"href":"https:\/\/triatlonsanse.com\/triatlonsanse\/wp-json\/wp\/v2\/pages\/6595"}],"wp:attachment":[{"href":"https:\/\/triatlonsanse.com\/triatlonsanse\/wp-json\/wp\/v2\/media?parent=4752"}],"curies":[{"name":"wp","href":"https:\/\/api.w.org\/{rel}","templated":true}]}}